?
2, 3
Suppose 0 = 21*w - 15*w - 858. List the prime factors of w.
11, 13
Let i(x) = 2*x**2 - 2*x - 2 + 0*x + x. Suppose 0*w - 2*w = -4. List the prime factors of i(w).
2
Suppose -3*z + 5*b + 201 = 0, 2*z - 3*b - 133 = -0*b. List the prime factors of z.
2, 31
List the prime factors of (-14)/63 + 2632/18 + 0.
2, 73
Let y be 4 - (-2)/(-3)*-3. Suppose y*w - 20 = 2*w. List the prime factors of w.
5
Suppose 120 = 2*g + g. List the prime factors of g.
2, 5
Suppose y = -y. Suppose 2*h + 3*z = 6*z + 67, y = -3*h - 2*z + 81. What are the prime factors of h?
29
Let c(w) = w**3 - 5*w**2 + 2*w - 6. Suppose 2*z = 2*o - 17 - 5, 0 = -2*z + 8. Suppose s = 4*s - o. List the prime factors of c(s).
2
Suppose 0 = 3*f - 7*f - 4. Let r = f + 5. List the prime factors of r.
2
Suppose -3*b = -17 - 1. Suppose -2*y + 0*y - b = 0. Let k(t) = -3*t + 2. What are the prime factors of k(y)?
11
Suppose 0*l - 2*g = -4*l - 8, 4*l + 14 = -g. Let w be l + 1 + 26 + -6. Suppose -4*t = -2*f + w, -2*t - 28 = 3*f - 5*f. What are the prime factors of f?
19
Let a(n) = n**2 + 6*n - 5. List the prime factors of a(6).
67
Suppose -3*v + 9 = 3, 5*j - v - 1123 = 0. What are the prime factors of j?
3, 5
What are the prime factors of (0 + (-2)/4)*-6?
3
Let s(z) = 2*z + 6. Let q be s(-10). Let r = q - -61. Let n = r + -28. What are the prime factors of n?
19
Suppose -4*d - 3*h + 5*h = -4, -d + h + 3 = 0. List the prime factors of 31 + 5 + d + 3.
2, 19
Suppose -2*f + q = -92, -3*q + 46 = -4*f + 230. What are the prime factors of f?
2, 23
Let c = 11 - 33. Let u = c + 31. What are the prime factors of u?
3
Suppose -k + 117 = -l, 2*k + 2*k - 448 = -l. List the prime factors of k.
113
Let k = 3 - 1. Suppose -4*c + 7*c = -4*q - 11, 5*c + 23 = -2*q. Let h = k + q. List the prime factors of h.
3
Let h(y) = y**2 - 4*y - 3. Let j be h(5). Suppose 0 = j*b + 41 - 129. What are the prime factors of b?
2, 11
Let x = 316 + -158. What are the prime factors of x?
2, 79
Suppose 4*q + 24 = 140. What are the prime factors of q?
29
Let m(d) = -d**2 + 11*d + 2. Let o be m(11). What are the prime factors of 17 + 6/o + 0?
2, 5
Let t(v) = -v**3 - 5*v**2 - 3*v + 5. Let h be 5*(-2 + 1 - -2). Suppose 2*l = -3*f - h, -7*f + 2*f = 4*l + 5. List the prime factors of t(f).
2, 5
Let h be (-6 - -9) + 2/1. Suppose -v + 4*d + 7 - 5 = 0, h*v - 5*d = 70. Suppose -z = z - v. List the prime factors of z.
3
Let x(d) = d**2 - 4*d + 4. List the prime factors of x(-4).
2, 3
Let y = 46 - 3. What are the prime factors of y?
43
Let o(r) = -4*r + 17. What are the prime factors of o(-8)?
7
Let b(o) = -7*o - 2. Let z(p) = p**2 - 12*p + 11. Let w be z(11). Suppose -4*g - 4*d = -w*g, -4 = -3*g - 5*d. List the prime factors of b(g).
2, 3
Suppose 0 = -2*y + y + 22. Suppose 34 = 5*k - 3*t + 5, y = 4*k - 2*t. List the prime factors of 6*(26/k - 3).
3, 7
Let x be (-23)/(-7) + (-6)/21. Suppose -4*i - 46 = -2*m, 0*i - 29 = -x*m - 2*i. What are the prime factors of m?
13
Suppose -10 = 37*j - 38*j. What are the prime factors of j?
2, 5
Suppose 5*b - 4*t - 28 = 3*b, 4 = 2*t. Suppose 0 = -17*j + 7*j - 20. Let l = b + j. What are the prime factors of l?
2
Suppose -2*h - 4 = -h + i, -3*i + 23 = -4*h. Let v be 205/9 + 2/9. Let c = v + h. List the prime factors of c.
2, 3
Let j = 77 + -19. Let x = -29 + j. List the prime factors of x.
29
Suppose -80 = 5*u - 3*u. Let p = -28 - u. What are the prime factors of p?
2, 3
Let x be (-15)/(-25) + (-4)/(-10). Let m = x + 7. List the prime factors of m.
2
Let f(n) = -4*n**2 - 2*n. Suppose 2*p + 10 = -3*p. Let u be f(p). List the prime factors of (-4)/(-6)*u/(-1).
2
Let t = 1 - 24. Let o = -11 - t. What are the prime factors of o?
2, 3
Let k = 9 - 5. Let n(x) = k + 0*x + 0*x - x. What are the prime factors of n(-4)?
2
What are the prime factors of -3 + 1/2*166?
2, 5
Suppose 15*d + 70 = 20*d. List the prime factors of d.
2, 7
Suppose -q - 12 = -4*q. Let u(y) = -y**2 + 3*y + 4. Let z be u(q). List the prime factors of (0/1 - -3) + z.
3
Let r(q) = -q + 8. Let y(n) = n**2 + 7*n + 8. Let b be y(-6). Suppose t = b*t. List the prime factors of r(t).
2
Let p(l) be the second derivative of -l**5/20 + 5*l**4/12 + 5*l**3/6 + 2*l**2 + 2*l. Let x be p(6). What are the prime factors of 1 + x/2 + 3?
3
Let j(y) = y**2 - 8*y + 4. Let m be j(8). Let u(h) = h - 4. Let r be u(m). Suppose r = 3*a - 5 - 22. What are the prime factors of a?
3
Suppose 2*q + 2*l = 338, -4*q + 3*l + 352 = -296. List the prime factors of q.
3, 5, 11
Suppose 5*g + 0*g + 3*s = 61, 2*g - 19 = -3*s. Let b be ((-8)/(-12))/((-2)/(-9)). Suppose -k = -2, b*k + g = 3*l + l. What are the prime factors of l?
5
Let x(b) = 2*b + 5. Let g be x(9). Suppose -5*q + g = -2, 0 = 3*f + 2*q - 49. List the prime factors of f.
13
Let o(h) = -h**2 + 3*h + 7. Let m be o(5). Let d be (-1)/m - (-34)/6. Let x(b) = b**2 - 4*b - 3. List the prime factors of x(d).
3
List the prime factors of (-274)/(-14) + (-42)/(-98).
2, 5
Let o = 15 - -3. Suppose -6*k + o = -3*k. What are the prime factors of k?
2, 3
List the prime factors of 4/(-2) - (-805)/((-20)/(-4)).
3, 53
Suppose -r - 4*r = 0. Suppose r = -3*h - h + 52. List the prime factors of h.
13
Let a(i) = -8*i**3 - 41*i**2 - 5*i - 47. Let b(q) = -3*q**3 - 14*q**2 - 2*q - 16. Let y(w) = 4*a(w) - 11*b(w). List the prime factors of y(10).
2
Suppose 2*d + 2*d + 30 = -5*r, 4*r - 5*d = 17. What are the prime factors of ((-1)/(-3) - r)*3?
7
Let d = -6 + 11. Suppose -d*a + 67 = 167. What are the prime factors of (13/(-4))/(5/a)?
13
Let q(d) = -d**2 - 16*d + 8. What are the prime factors of q(-11)?
3, 7
Let l = -118 + 167. Let s = -22 + l. List the prime factors of s.
3
Let z(l) be the second derivative of 2*l + 0 - 1/2*l**2 + 1/2*l**3. List the prime factors of z(1).
2
Suppose -2*x = -5*x + 51. What are the prime factors of (-8)/(-10)*(x + 3)?
2
Suppose 0 = 5*z + 14*z - 3895. What are the prime factors of z?
5, 41
Let y(v) = v**3 + 8*v**2 - 9*v - 11. Let h be y(-8). Suppose 4*i + i - 3*b - h = 0, 5*i = -4*b + 82. List the prime factors of i.
2, 7
Let k be (-1 + 37)*32/24. Suppose -p + 5*p - k = 0. What are the prime factors of p?
2, 3
Let t be (2/3)/(4/18). Let k be 1/t*0*-1. Let m(s) = s + 11. What are the prime factors of m(k)?
11
Suppose 3*m = d + 83, 4*d + 45 = 5*m - 105. Let p = m - -6. List the prime factors of p.
2
Let a be -1*(17 + 2 + -4). Let l = 4 - a. Suppose 0*p + 8 = -f + 5*p, 0 = -2*f + 3*p + l. List the prime factors of f.
17
Let l = 27 + -18. List the prime factors of l.
3
Suppose 5*x - 5*v - 298 + 18 = 0, -16 = -4*v. Suppose -2*c - 2*c + x = 0. What are the prime factors of c?
3, 5
Suppose 0*c + 25 = 5*c. Suppose 3*k - 5*i + 0*i = 14, 20 = c*k - 5*i. Suppose -5*u + k = -t, -t + 4 + 9 = 3*u. What are the prime factors of t?
7
Suppose 9*u - 85 = 4*u. Let w = u + -2. What are the prime factors of w?
3, 5
Suppose 2*t + 3*s - 7 - 7 = 0, 0 = 5*s. Let u = -5 + t. Suppose -u*y = y - 33. List the prime factors of y.
11
Let y = -57 + 17. What are the prime factors of (-8)/(-5) + (-16)/y?
2
Let v(i) = -12*i - 5. Let k be v(-5). List the prime factors of (k/(-10))/((-1)/2).
11
Let f(p) = 18*p. List the prime factors of f(12).
2, 3
List the prime factors of 25/(-10)*228/(-10).
3, 19
Suppose -c = -3*c - 6. List the prime factors of (-16 - (1 + c))*-1.
2, 7
Let x(f) be the third derivative of -f**6/120 - f**5/12 - f**4/8 - 3*f**2. Let j be x(-5). What are the prime factors of 85/j - 2/3?
5
Suppose -u + 125 = 4*u. Let m(k) = -2*k**2 + 2*k - 3. Let o be m(3). Let a = u + o. List the prime factors of a.
2, 5
Let u(o) = -2*o**2 + 34*o - 6. List the prime factors of u(11).
2, 3, 7
Let l be 2/(-6)*(-6 - -27). Let p = l + 16. List the prime factors of p.
3
Let j = -34 + 49. List the prime factors of j.
3, 5
Let w(k) be the first derivative of -k**4/4 - 4*k**3/3 + 5*k + 15. Suppose 0 = 3*x - 5*x - i - 3, x - 4*i = -24. What are the prime factors of w(x)?
5
Let n be -8*1/(-2 - 0). Suppose 2*v - 4*s = v - 6, -n*s + 18 = v. What are the prime factors of (-2 + 15/v)*20?
2, 5
Let h(s) = -s**3 - 7*s**2 + 5. Let w be h(-7). Suppose n + 2*i = 22, w = 3*i - 1. What are the prime factors of n?
2, 3
Suppose 7*h + 275 = 5*n + 4*h, -h = -5. Suppose 0 = -3*y + y + n. What are the prime factors of y?
29
Suppose 8*b - 128 = 4*b. List the prime factors of b.
2
Let j be (